 1?
165
In base 12, what is -6 - 26?
-30
In base 11, what is -279 - 1?
-27a
In base 14, what is -162 + -19?
-17b
In base 12, what is -707 + -1?
-708
In base 15, what is -1 - 4a?
-4b
In base 7, what is 4 - 164?
-160
In base 12, what is 1a12 + 5?
1a17
In base 12, what is -55 + -11?
-66
In base 2, what is -100 + 1000010011?
1000001111
In base 7, what is -5 + -4464?
-4502
In base 4, what is -3 - -230?
221
In base 5, what is 1 + 40121?
40122
In base 12, what is 173 - 0?
173
In base 6, what is 2 + -131?
-125
In base 3, what is 210221 - 10?
210211
In base 6, what is -2 + 431?
425
In base 4, what is 0 - 112331?
-112331
In base 5, what is 330 + -14?
311
In base 2, what is 11010 - 1101?
1101
In base 12, what is 0 + 592?
592
In base 6, what is 3 + 3535?
3542
In base 4, what is -3 - -111221?
111212
In base 6, what is 30011 + -4?
30003
In base 2, what is -10010 + 1101?
-101
In base 7, what is -2 - 51?
-53
In base 15, what is -97 - -4?
-93
In base 3, what is 0 + 101111?
101111
In base 16, what is 14e + 3?
151
In base 12, what is -2 + -28?
-2a
In base 5, what is 22 + 1420?
1442
In base 16, what is 3 - -d6?
d9
In base 6, what is 5 + -1511?
-1502
In base 8, what is 5 - -2307?
2314
In base 5, what is 3340040 - 1?
3340034
In base 8, what is 3 + -53?
-50
In base 9, what is 2 + 278?
281
In base 14, what is 4 - -48b?
491
In base 16, what is -1c - 124?
-140
In base 6, what is 0 + 53?
53
In base 14, what is 1467 + 3?
146a
In base 15, what is 4 - -3ee?
403
In base 5, what is -11 - -103?
42
In base 11, what is 7 + -5?
2
In base 12, what is -2 - 975?
-977
In base 8, what is -44 + 306?
242
In base 16, what is 1 + -30?
-2f
In base 11, what is -8 - 78?
-85
In base 6, what is 3 - -113?
120
In base 10, what is 107 + 4?
111
In base 10, what is -4 + 4155?
4151
In base 11, what is 244 - -18?
261
In base 3, what is 20 + 11202?
11222
In base 4, what is -2 - -22130?
22122
In base 4, what is 31 + -3?
22
In base 16, what is -3d5 + -2?
-3d7
In base 2, what is 10010 - 1?
10001
In base 5, what is 3 - 312?
-304
In base 15, what is -23e + 3?
-23b
In base 2, what is -101 + 11010111111?
11010111010
In base 12, what is 1 - -340b?
3410
In base 4, what is -301221 + 3?
-301212
In base 5, what is 4 + -141?
-132
In base 13, what is -386 + -5?
-38b
In base 14, what is 5 + 131?
136
In base 4, what is -121 - -2?
-113
In base 12, what is 5a - 74?
-16
In base 4, what is 13 - -22?
101
In base 2, what is 100001010110 + -111?
100001001111
In base 4, what is -1 - -20002?
20001
In base 14, what is -20 + b?
-13
In base 7, what is -30634 + 2?
-30632
In base 10, what is -1 - -7180?
7179
In base 7, what is 2 + 343?
345
In base 13, what is -49 - -b8?
6c
In base 14, what is 443 + 2?
445
In base 2, what is -11011 - -11110?
11
In base 8, what is 5 + 64?
71
In base 9, what is -4 + 52?
47
In base 14, what is -12b + 10?
-11b
In base 9, what is -63 - 113?
-176
In base 11, what is -4 + 43?
3a
In base 13, what is 5 + -31b?
-316
In base 16, what is 1ce + 3?
1d1
In base 2, what is -11 - -1011000?
1010101
In base 10, what is 124 + -83?
41
In base 6, what is -4 + 410?
402
In base 5, what is -21141 + 2?
-21134
In base 6, what is -2 - -25553?
25551
In base 4, what is 21131 - -100?
21231
In base 6, what is -1035 + -23?
-1102
In base 2, what is -1011000 + 11?
-1010101
In base 6, what is 21 + -50?
-25
In base 9, what is 38032 + -2?
38030
In base 8, what is -127211 - -2?
-127207
In base 11, what is -1 + 3a0?
39a
In base 12, what is -3 + -7?
-a
In base 5, what is 114 + -212?
-43
In base 10, what is 6 - 105?
-99
In base 9, what is 21 - -58?
80
In base 12, what is a7 + 0?
a7
In base 13, what is -7c2b - -2?
-7c29
In base 7, what is -62164 - 0?
-62164
In base 9, what is 16 - 272?
-255
In base 14, what is 6 - -64?
6a
In base 11, what is -27 + 3?
-24
In base 9, what is -201 - 2?
-203
In base 13, what is 7 + 9?
13
In base 10, what is -81 - 62?
-143
In base 12, what is -14b9 - 1?
-14ba
In base 10, what is 141 + -3?
138
In base 16, what is 3 - 5b?
-58
In base 12, what is 88 - -4?
90
In base 12, what is -2 + a4?
a2
In base 13, what is 1a99 + -1?
1a98
In base 2, what is 101 - -1111001?
1111110
In base 8, what is -11 - 432?
-443
In base 12, what is -8b - 3?
-92
In base 6, what is -3 - 123?
-130
In base 6, what is 112 - 402?
-250
In base 15, what is 878 + 0?
878
In base 2, what is -10 - 1000?
-1010
In base 2, what is 1100000111 - -100?
1100001011
In base 5, what is -301204 - -1?
-301203
In base 4, what is -30 - 33010?
-33100
In base 5, what is 4 + -20?
-11
In base 10, what is 5 + -29?
-24
In base 8, what is 242 - 7?
233
In base 11, what is 428 + -1?
427
In base 4, what is 2333 - 3?
2330
In base 3, what is 2 + 12212?
12221
In base 14, what is -9 - -20?
15
In base 7, what is -1516 + -50?
-1566
In base 8, what is 45 - -336?
403
In base 13, what is -2 + -503?
-505
In base 3, what is -20211 - 2?
-20220
In base 13, what is 50 + 8?
58
In base 6, what is -10 - 2314?
-2324
In base 10, what is -2996 + -1?
-2997
In base 10, what is -472 - 2?
-474
In base 2, what is 100 + 1001000011?
1001000111
In base 7, what is -11521 + 3?
-11515
In base 8, what is 0 - 12052?
-12052
In base 7, what is 51 - 5?
43
In base 10, what is -13 + -481?
-494
In base 8, what is 202 + 15?
217
In base 3, what is 1 + 10202?
10210
In base 11, what is 2 + 1aa?
201
In base 8, what is 7 - -72?
101
In base 12, what is 11756 + 2?
11758
In base 3, what is -22 + -2100120?
-2100212
In base 7, what is -4 - 60?
-64
In base 8, what is 0 + -344?
-344
In base 12, what is -1a5 - 2b?
-214
In base 5, what is 0 + -21200?
-21200
In base 10, what is -5 - -78?
73
In base 7, what is 130 + -16?
111
In base 2, what is 11 - -10001?
10100
In base 7, what is 25 - 1013?
-655
In base 6, what is 150 - 1?
145
In base 7, what is -523 + 5?
-515
In base 12, what is 3547 + -5?
3542
In base 14, what is b - 14?
-7
In base 4, what is 12 + -1101?
-1023
In base 7, what is -2 - 2366?
-2401
In base 12, what is 0 + -154?
-154
In base 8, what is 5361 - 0?
5361
In base 13, what is 0 + 29?
29
In base 5, what is -24033 + -10?
-24043
In base 7, what is 1 - -5?
6
In base 14, what is -c072 + -1?
-c073
In base 5, what is 2240 + 2?
2242
In base 3, what is -10 - -1022?
1012
In base 14, what is -5 + -15d?
-164
In base 15, what is 4 - -1ae?
1b3
In base 14, what is -10 - 5?
-15
In base 6, what is -51 + 2?
-45
In base 7, what is 6 - 1015?
-1006
In base 9, what is 5524 - -4?
5528
In base 14, what is 2 - -61?
63
In base 9, what is 1682 + 2?
1684
In base 16, what is -19 + -35f?
-378
In base 13, what is -1bb - 4?
-1c2
In base 8, what is -42 - 42?
-104
In base 4, what is 103321 + 13?
110000
In base 15, what is -59 - -7?
-52
In base 7, what is 6 - 463?
-454
In base 15, what is 3 + 20?
23
In base 4, what is 102 - -202?
310
In base 10, what is 24 + -43?
-19
In base 7, what is -4 - -124?
120
In base 3, what is 20002 - -1001?
21010
In base 7, what is 152436 - -5?
152444
In base 4, what is -2300 - 2?
-2302
In base 16, what is 10 - 15?
-5
In base 9, what is -2 - -40?
37
In base 12, what is 0 - -540?
540
In base 6, what is 0 + 15305?
15305
In base 14, what is 5 - a?
-5
In base 9, what is -1 + 46?
45
In base 4, what is -1110 - -3?
-1101
In base 12, what is 270 + 0?
270
In base 11, what is -15a - 0?
-15a
In base 10, what is 132 + -4?
128
In base 2, what is 111011011 + 11?
111011110
In base 5, what is 30004 + 1?
30010
In base 7, what is 1526 + 1?
1530
In base 6, what is -33 - -110?
33
In base 2, what is -11 - 1001111?
-1010010
In base 14, what is -1 - -1?
0
In base 10, what is 94 + -205?
-111
In base 16, what is 8 - 78?
-70
In base 16, what is 14f - 1b?
134
In base 16, what is -4 - 32?
-36
In base 8, what is 26 - 3306?
-3260
In base 15, what is 3 + 2c?
30
In base 11, what is -2 - -146?
144
In base 9, what is 4 + 3308?
3313
In base 12, what is 2317 - -1?
2318
In base 3, what is -11010 - 10?
-11020
In base 9, what is -1285 + 3?
-1282
In base 6, what is -5 - 4155?
-4204
In base 9, what is 3 - -405?
408
In base 15, what is -6 + 0?
-6
In base 3, what is 1011 + -10?
1001
In base 16, what is -1 - 2b9?
-2ba
In base 15, what is 7 - -77?
7e
In base 10, what is 134 - -3?
137
In base 11, what is 2261 - 2?
225a
In base 5, what is -10 - 103111?
-103121
In base 12, what is 139 + 3?
140
In base 14, what is -1 - -155?
154
In base 14, what is 5 - 6d?
-68
In base 15, 